d derivative of 0 - 1/2*w**2 + 15*w - 1/12*w**4 - 1/6*w**3 + 1/20*w**5. Determine v(-1).
-2
Let o(c) = -c**2 - 10*c + 8. Let d = 231 - 242. What is o(d)?
-3
Let a be 3 + -11 + (3 - 7). Let p(u) = u + 6. What is p(a)?
-6
Let i(o) = o**2. Let z(l) = -2*l**2 - 16*l + 16. Let a(n) = 4*i(n) + z(n). What is a(7)?
2
Let a = -21 - -22. Let z(p) = 2*p**3 - 9*p**2 - 3*p + 5. Let c(k) = 0*k**2 + k**2 + 5*k**3 - 6*k**3. Let b(l) = a*z(l) + 3*c(l). What is b(-5)?
-5
Let d(v) = v**3 - 5*v**2 + 6*v - 4. Let f(u) = -8*u - 10. Let a be f(-4). Let q be (-106)/a - (-4)/(-22). Let i be (q - -3) + -2 + 8. Determine d(i).
4
Let o(a) = a**3 - 3*a**2 - 4*a - 4. Suppose -5*y - 7*z + 9*z = 13, -5*z = -5*y - 25. Let p be -3 + (-40)/(-6) + y/(-3). Give o(p).
-4
Suppose -5*j - i + 2 = 0, -3*j = -4*i + 4 + 4. Suppose -3*u = -5*l - 1, 4*l - 4*u + j = -4. Let p(a) = a - a**2 - a**3 + 3*a**2 + 4 - 5. Calculate p(l).
1
Let w(q) = 5*q - 8. Let k(v) = -4*v + 6. Let o(f) = -4*k(f) - 3*w(f). What is o(-2)?
-2
Let x be 2/(-6) - ((-124)/12 - -8). Let u(l) = -3*l**2 + 8*l**2 + 4 - 6*l**x - 8*l. Give u(-7).
11
Let h(n) = 12 - 5*n - 8*n**2 - 7 - 8 - 7 - n**3 + 0*n**2. What is h(-7)?
-24
Let h(c) = 9*c**2 - 11*c + 12. Let v(i) = -5*i**2 + 5*i - 5. Let z(a) = -4*h(a) - 7*v(a). Determine z(6).
5
Let t = -558 + 550. Let k(b) = 5*b - 12. Let o(u) = -4*u + 11. Suppose 0 = y + 2*g + 3, -2*y - 8 - 3 = -g. Let w(n) = y*k(n) - 6*o(n). What is w(t)?
2
Let h(b) = -4*b**2 - 2*b**2 - b + 2*b**3 + 5*b**2 - 1 - b**3. Let a(w) = 8*w**3 + 2*w**2 + 5*w + 4. Let y(s) = -a(s) - 4*h(s). Calculate y(1).
-11
Let o(d) be the second derivative of 0 + 8*d + 1/720*d**6 + 0*d**2 + 1/30*d**5 + 0*d**3 - d**4. Let f(y) be the third derivative of o(y). Calculate f(6).
10
Let l(v) be the second derivative of -v**3/6 - v**2/2 + 7*v. Suppose 40 = 18*m - 23*m. Give l(m).
7
Let i be (9/3 - -2) + -5. Let m(z) = z. Let y(h) be the second derivative of -2*h**3/3 + h**2 - 2*h. Let j(b) = -5*m(b) - y(b). What is j(i)?
-2
Let y(p) be the third derivative of -p**4/6 + p**2 - 12. What is y(0)?
0
Let u(w) be the first derivative of -w**4/12 - w**3/2 + 3*w**2/2 + 2. Let x(z) be the second derivative of u(z). Suppose -9 - 3 = 4*h. Determine x(h).
3
Let i be (-1)/4 - (-17)/4. Let y be 156/(-27) - i/18. Let m(h) = -h**2 - 4*h. What is m(y)?
-12
Let d(k) be the first derivative of -6 + 0*k**2 - k**3 - 1/4*k**4 + 3*k. Calculate d(-3).
3
Let p(l) be the second derivative of -l**5/60 - l**4/12 + 2*l**3/3 + 5*l. Let a(t) be the second derivative of p(t). Let m be 2/(-2)*(2 - -1). Determine a(m).
4
Let j(i) = -i**2 + 18*i - 26. Let z = -2452 - -2468. Determine j(z).
6
Let f be (-1)/((-4)/(-140)*5). Let s(y) = 3*y**3 + 18*y**2 - 24*y - 20. Let l(q) = -q**3 - 6*q**2 + 8*q + 7. Let b(t) = -17*l(t) - 6*s(t). Determine b(f).
-6
Let y(m) = 37*m**2 - 2*m - 1. Let b be -2*(-2)/12*123/(-41). Determine y(b).
38
Let s(z) = 3*z + 16. Let q(m) = m + 5. Let r(f) = -7*q(f) + 2*s(f). Let a = 1 + 5. Suppose -20 = -c + a*c. Give r(c).
1
Let m(f) = f**2 - 7*f + 7. Suppose 2*o + 15 + 33 = 0. Let z = 29 + o. Give m(z).
-3
Let q(j) be the third derivative of 7*j**4/12 - j**3/3 + 8*j**2. Let v(x) = -5*x + 1. Let b(w) = -4*q(w) - 11*v(w). Suppose -3*k + 0*k = 0. Determine b(k).
-3
Let u(r) be the first derivative of -2*r**3/3 + 11*r**2/2 - 20*r + 345. Calculate u(4).
-8
Suppose 6*j + 68 = -28*j. Let t(c) = -c - 3. Determine t(j).
-1
Let q(l) = -l**3 - 27*l**2 - 48*l + 42. Let z be q(-25). Let o(m) = -m**3 - 7*m**2 + 6*m + 3. What is o(z)?
19
Let g(o) = o**2 + 29*o + 5. Let d = 712 - 741. What is g(d)?
5
Suppose -3*v - m - 2*m + 27 = 0, 4*m - 8 = 3*v. Let l(w) = -w**3 + 2*w + 4. Determine l(v).
-52
Let x(f) = -3*f**2 + 2*f + 6. Let l(r) = -2*r**2 + r + 5. Let j(b) = -4*l(b) + 3*x(b). Let g = -32 + 35. Determine j(g).
-5
Let y(o) be the first derivative of o**6/360 + o**5/120 + o**4/12 - 20*o**3/3 + 2. Let u(n) be the third derivative of y(n). What is u(2)?
8
Let p(r) = 2*r + 4. Suppose -5 + 0 = -m. Suppose m*f + 0 = -3*g - 7, 5*f = 5. What is p(g)?
-4
Suppose 3*w - 4*w + 3 = 0. Let q(b) be the first derivative of b**3/3 - 3*b**2/2 + 3*b - 183. What is q(w)?
3
Let t(d) = 7*d + 17. Let i(l) = -l**2 - 12*l + 16. Let z be i(-13). Let x(u) = -4*u - 9. Let c(v) = z*t(v) + 5*x(v). Calculate c(0).
6
Let m(y) = 3*y - 88 + 141 - 59. Determine m(3).
3
Let z(n) = -1. Let t(v) = v - 2 - 2*v - 4. Suppose -87 = m - 86. Let f(c) = m*z(c) - t(c). Calculate f(-5).
2
Let k(i) = i + 8. Let b(x) be the third derivative of -x**6/120 + x**5/12 + x**4/6 - 5*x**3/6 - 8*x**2. Let g be b(5). Let r = g + -23. What is k(r)?
0
Let t(i) = -i + 20. Let p(x) = -15. Let y(b) = -3*p(b) - 2*t(b). What is y(0)?
5
Let q(p) = -p**2 + 4*p - 3. Let v(j) = -j**3 - 4*j**2 + 4*j - 1. Let n = 51 + -56. Let w be v(n). Calculate q(w).
-3
Let q be 1/(-1) + -3 + -3. Let b(a) = 29*a**2 - 12*a - 1. Let r(m) = 5*m**2 - m. Let v(u) = b(u) - 6*r(u). Calculate v(q).
-8
Let n(i) = i**2 - 5*i - 3. Let q be (14 + 1)/3 - 1. Suppose -2*d = 2*x + q, 3*x - d = -2*d - 2. Let g = 5 - x. What is n(g)?
-3
Suppose 4*w = -4*b + 24, w + 0*w + 2 = -3*b. Suppose -2 = 4*g - w. Let m(r) = -105 + 4*r + 213 - 110. Calculate m(g).
6
Suppose 3*d - 14 = 16. Let r be 3/(2/1 + d/(-8)). Let h(c) = c**3 - 4*c**2 + 5*c + 1. Give h(r).
21
Let g be 1/(-2*((-326)/(-164) - 2)). Let b = g - 44. Let x(w) be the third derivative of -w**5/30 - w**4/8 + w**3/2 + w**2. What is x(b)?
-6
Let m(r) be the first derivative of -7/2*r**2 - 26 + 2*r + 1/3*r**3. Let u = 18 + -11. Give m(u).
2
Suppose 0 = w + 2*j - 4, 0 = -5*w - j + 2*j + 31. Let p(f) be the second derivative of -1/2*f**3 + 0 + 7/2*f**2 + f. Determine p(w).
-11
Suppose -11*o - 7 = -12*o. Let l(t) = o*t**2 + 8*t - 4*t**2 - 2*t**2. What is l(-8)?
0
Let y(d) be the first derivative of d**4/4 - 5*d**3/3 + 3*d**2/2 - d + 106. Give y(2).
-7
Let n(j) be the second derivative of -j**5/15 + j**3/6 + 3*j**2/2 - 3*j. Let d(c) be the first derivative of n(c). Calculate d(-1).
-3
Suppose 4*p = 5*f - 17, 3*p - 4*p - 3*f = -17. Let m(r) be the third derivative of -2*r**2 + 1/24*r**4 + 0 - 1/3*r**3 + 0*r. What is m(p)?
0
Let n be (-3 + 36/15)/((-2)/10). Let u(w) = -w**2 - w + 8. Let q be u(n). Let k(s) = -s**2 + 4. What is k(q)?
-12
Let d(s) = 2*s - 15. Let j(o) = -2*o + 13. Let p(b) = -5*d(b) - 6*j(b). Calculate p(4).
5
Let s(b) = -8 + 8*b - 9 - 7*b + 7 - 8. Give s(16).
-2
Let h(y) = -4 - 10 - 25*y + 38 - 12 - 9 + 26*y**2 - y**3. Calculate h(25).
3
Let w(d) = -15*d**3 + 6*d**2 + 8*d - 2. Let q(x) = 7*x**3 - 3*x**2 - 4*x + 1. Let h(i) = 13*q(i) + 6*w(i). Give h(3).
-11
Let h(v) = -v. Let x(i) = 6*i + 5. Let t(c) = 5*h(c) + x(c). Let r be -6*(0 - (-10)/(-15)). Suppose r*l + 27 = 3. Calculate t(l).
-1
Let s = 693 - 696. Let f(r) = -4*r + 4. Determine f(s).
16
Let g(r) = r**3 - 4*r**2 + 3. Suppose 0 = 5*d + 5*x, -4*d + 2*x + 16 = -2*d. Calculate g(d).
3
Let y = -23 - -44. Let i(j) = -j**3 + 22*j**2 - 22*j + 23. Let s be i(y). Suppose 9 = -s*b + 5. Let d(k) = 3*k + 1. Determine d(b).
-5
Let a(f) be the first derivative of -1/4*f**4 - f - 4 + 3/2*f**2 + 2/3*f**3. Give a(3).
-1
Let s be -18*((2 - (-1 + 7)) + (-231)/(-63)). Let o(c) = 0*c**2 - 5*c - 2 + 3*c**2 - 2*c**2. Determine o(s).
4
Let u(q) = -12*q - 8. Let r be u(-4). Let v be (-56)/6*10/r*-3. Let l(z) = -z**2 + 7*z - 8. Determine l(v).
-8
Suppose 0 = p + 5*k - 24, 3*p - k + 0 + 8 = 0. Let a(y) = 17*y + 2. Let w(u) = 275*u + 33. Let m(l) = 33*a(l) - 2*w(l). Determine m(p).
-11
Let d = -35 + 34. Let v(k) = -8*k + 9. Let w(f) = -f**2 - 1. Let l(a) = d*w(a) + v(a). Determine l(7).
3
Let d(n) = 40*n**3 - 2*n**2 + 2*n - 1. Suppose -4*z - 141 + 124 = -q, -16 = 4*q + 5*z. Calculate d(q).
39
Let b(o) be the first derivative of 4*o**2 - 3*o + 77. Calculate b(3).
21
Let z(h) be the third derivative of h**4/24 + h**3/6 - 17*h**2. Let l(y) = 2*y + 9. Let b(v) = -l(v) + 4*z(v). Calculate b(-4).
-13
Let q(v) = -v**3 - 6*v**2 + 6*v - 2. Suppose 5*p = 4*p - 3. Let m be 2*((-5)/10 + p). Determine q(m).
5
Suppose 6*y + 6 = 8*y. Let m(f) = 2 + 7*f - y + f**2 + 3 + 3. Give m(-6).
-1
Let g(r) = -r**3 + 9*r**2 - 9*r + 3. Let c be g(8). Suppose -10*z - 3 + 33 = 0. Let w(m) = 4*m - 7*m**2 + 2 + 413*m**3 - 414*m**z + 2*m + 3*m**2. Give w(c).
-3
Let r(p) = -3*p - 30. Let i(n) = -7*n**2 